 3)*2/(-3). Let u(m) = -99*m + 42. Let v(z) = -37*z + 14. Let g(y) = 3*u(y) - 8*v(y). What is g(c)?
6
Let k(c) = 4*c - 33. Suppose -19*j = 20 - 99 - 54. What is k(j)?
-5
Suppose -50 = -211*u + 206*u. Let c be 25 + u/(70/(-21)). Let d(x) = -x + 28. Calculate d(c).
6
Let y(o) = -2*o**2 - o + 1. Let v = 80 + -55. Suppose 5*h + 10 - v = 0. Suppose h*r + 1 = 4. Calculate y(r).
-2
Let o(c) = -c**3 - 4*c**2 + 5*c + 3. Let s(f) = -f**3 + 2*f + 12. Let t = -58 + 58. Let j be s(t). Suppose j - 37 = 5*n. Calculate o(n).
3
Suppose 0 = n - 4*n + 207. Let h be ((-2)/(-9))/(-14*(-11)/693). Let d(w) = -h - 1 - n*w - w**2 - 73*w + 145*w. Give d(4).
-6
Let a(n) = 2*n**2 - 8*n + 6. Let j(m) = -20*m**2 + 29*m - 66. Let g(b) = 7*a(b) + j(b). Determine g(-4).
-12
Let q(g) = -g**3 + 17*g**2 + 22*g - 615. Let t be q(16). Let n(z) = 4*z - 4*z**2 - z - z**3 + 17 - 3*z**2. Calculate n(t).
-4
Let z(m) = -5*m + 13. Suppose -4*n = -k + 17, 3*k = -4*n + 46 + 5. Let u(a) = 14*a - 37. Let b(p) = k*z(p) + 6*u(p). What is b(3)?
-4
Let y(g) = g**2 - 28*g. Let q be (-10)/(-50)*(94 - -1 - 0). What is y(q)?
-171
Suppose 3*n = 4*l - 13, 7 = -l + 3*l - n. Suppose 4*h = -l*i - 16, -2*i - 13 = h + 2*h. Let b(k) = 18*k**2 + 2*k - 15*k**2 + i + 3 - 3. What is b(-1)?
2
Let n(u) = u - 2. Suppose 3*k + b = -7, -20*k + 19*k - 7 = 5*b. Let z be 3/(-3*k/(-6)). Calculate n(z).
-5
Let g(a) = -5*a**3 + 3*a + 6. Let b(w) = 6*w**3 + w**2 - 4*w - 6. Let m be 10 - (5 + (-3 - -4)). Let j(u) = m*b(u) + 5*g(u). Calculate j(4).
2
Let w be ((-1)/(-3))/(3/(-15))*(-4920)/1025. Let k(i) = 10*i - 89. Calculate k(w).
-9
Let v be (-1)/((-19)/(-5) - (-12)/(-3)). Suppose 10 = 2*f - v*b, 4*b + 10 = -0*f + 2*f. Let p(j) = -6*j**2 - 5 + j**3 - 5*j + 11*j + 0*j**2. What is p(f)?
0
Let q(i) be the third derivative of -i**5/30 - i**3/6 - 12*i**2. Suppose -66*o + 74*o - 56 = 0. Suppose o*d - 19 = -4*n + 2*d, 2*d = -5*n + 11. What is q(n)?
-3
Let z(o) = 2*o**2 + 3*o - 2. Let b = -8792 + 8856. Suppose 0 = 2*x - 4*i + 154, 2*x + 191 = -x - 2*i. Let q = b + x. Give z(q).
7
Let h(b) = 3. Let o(k) = -k + 3. Let p(d) = -d**3 - 8*d**2 + 11*d + 15. Suppose 7 = 4*u + 43. Let t be p(u). Let n(g) = t*h(g) + 2*o(g). Calculate n(-4).
5
Let q(p) = p**2 - 7*p + 5. Let c be 18/27 + 1/3 + 1. Suppose -3 - 5 = -c*z. What is q(z)?
-7
Suppose -705 = -11*z + 780. Let y(n) = z*n - 267*n + 131*n. What is y(-7)?
7
Let m(n) be the first derivative of n**3/3 - 9*n**2/2 - 8*n + 117. Let x be 30/18 + 2/6. Let g be ((-27)/(-6))/(1/x). Give m(g).
-8
Let d(j) = -j**2 - 10*j + 151. Suppose -4*y + 2*y = 3*f + 27, -3*y = 4*f + 42. Determine d(y).
7
Suppose -12 = -4*d, -6*s - 69 = -8*s + 5*d. Suppose -6*m = -72 + s. Let y(a) be the first derivative of a**2/2 - 3*a + 1. Calculate y(m).
2
Let h(q) = 98*q + 602. Let k(w) = 604*w + 3614. Let i(d) = 19*h(d) - 3*k(d). What is i(-12)?
-4
Let f(k) = -2*k - 1. Let a = 38 + -36. Suppose -8*l + a*l + 18 = 0. Suppose 4*s - 5*c + 5 - 19 = 0, 2*c + 7 = l*s. Calculate f(s).
-3
Let j be (-2)/7 + (-216)/(-21). Let m(i) = -2*i**3 - 25*i**2 - 10*i + 26. Let g be m(-12). Let x(l) = 17*l - 11 - g*l - 14*l. Calculate x(j).
-1
Let c(d) = 3289*d - 3273. Let h be c(1). Let u(v) = 3*v**3 + v**3 + 16*v - 3*v**3 + 6 - 17*v**2. What is u(h)?
6
Suppose 10 - 4 = 2*d. Let b(y) = -y**3 - 5*y**2 - 5*y + 6. Let i be b(-3). Let v(m) = 5*m - 2 - m**3 + 0*m**3 - m**3 + 3*m**i - 4*m**2. Give v(d).
4
Let l(b) = -8*b**2 - b + 1. Suppose 0 = o - 5*f + 7, -202*o + 197*o = 5*f + 5. Calculate l(o).
-29
Let c be 38*(0 + -2 - -1). Let h = c - -32. Let j(r) be the third derivative of r**6/120 + 7*r**5/60 + r**4/12 - 7*r**3/6 - 10*r**2. Determine j(h).
17
Suppose 4*c + 2 = 5*c. Suppose -2 = -2*w + c. Let x(q) = -4*q**3 + q**3 + 5*q + 1 + 4*q**3 + 3*q**w - 3*q. Determine x(-1).
1
Let p(q) = -7*q**2 + 4*q + 9. Let m(s) = 2*s**2 - 3*s. Let v(k) = -3*m(k) - p(k). Give v(-6).
-3
Let t(q) = 7*q**2 - 4*q + 32. Let d(f) = -f**2 - 2*f + 1. Let n(i) = -6*d(i) - t(i). Determine n(11).
17
Let d(c) be the second derivative of -3*c**5/20 + c**3/6 - 9*c**2 - 25*c. Let g(m) be the first derivative of d(m). Let l be ((-2)/4)/((-4)/8). Give g(l).
-8
Let t(f) = -2*f**3 - 12*f**2 - 6*f - 7. Let b be 3 + -13 - 1/((-11)/44). Give t(b).
29
Let c(r) = -11*r**2 - r + 7. Suppose 6*i + 0 = -39*i - 135. Give c(i).
-89
Let z(y) = -3*y**2 + 12. Let i(w) = 4*w**2 + 13*w + 19. Let v(k) = -i(k) - z(k). Give v(-11).
-9
Let n = 3786 - 3793. Let k(d) = -20*d + 5*d**2 - 6 + d**3 + 12*d - 7*d. What is k(n)?
1
Let h(x) = -16*x**2 - 3*x - 74 + 15*x**2 + 74 - 6*x. What is h(-6)?
18
Let u(n) = 326*n - 66. Let g(m) = 415*m - 84. Let s(w) = -11*g(w) + 14*u(w). Suppose 4*q = 3*f + 21, -f - 2 = 1. Let b = q - 5. Give s(b).
2
Let x(a) be the second derivative of -a**5/20 - a**4 - 5*a**3/3 + 10*a**2 - 3300*a. Give x(-11).
9
Let z(x) = -x**3 - 23*x**2 + 22*x - 49. Let k = -268 - -244. Let h be z(k). Let c(v) = 3*v**2 - 3*v - 1. Determine c(h).
5
Let f be (4*1)/(4/(-6)). Let a(z) = 523*z + 129. Let w(r) = -157*r - 40. Let s(g) = -3*a(g) - 10*w(g). What is s(f)?
7
Let b(t) = -t**3 + 8*t**2 - t + 3. Let v be b(8). Let p(m) be the first derivative of -7/3*m**3 + m - 1/4*m**4 - 3*m**2 + 17. Determine p(v).
-19
Let h be (-6*(-7)/84)/(-3 + (-71)/(-24)). Let s(i) = i**2 + 15*i - 14. Calculate s(h).
-50
Let t(i) = -25795*i**2 + 2*i - 25757*i**2 - 3 + 51553*i**2. Let b(x) be the first derivative of x**4/4 - x**3 + x**2/2 - 2*x + 2. Let g be b(2). Determine t(g).
5
Let u(a) = 10*a**2 - 13*a - 19. Let t(w) be the first derivative of -w**3 + 2*w**2 + 6*w + 4. Let k(d) = 7*t(d) + 2*u(d). Let s = -983 + 989. Calculate k(s).
-20
Let j(f) = 0*f**3 + 3*f**2 - 1 + 0 + 2*f**3. Suppose -8718 + 49633 = 35*s. Let r = -1171 + s. Determine j(r).
-5
Suppose -45 = -i + 75. Let v = 35 - i. Let w = v + 81. Let h(q) = q - 1. Give h(w).
-5
Let y(n) = -3*n**2 + 3*n - 9 - 14*n + 2*n**2. Let x(a) = a**3 + 59*a**2 - 126*a - 251. Let v be x(-61). Give y(v).
19
Let z(v) = -v**3 - 7*v**2 + 5. Let s be z(-7). Let m(l) = 1 + 4 + 1138647*l - 1138650*l. Calculate m(s).
-10
Let y(w) = 5*w - 42. Let x be y(15). Let n = -31 + x. Let j(t) = -t**2 + 0*t**2 + t**3 + 0*t**3 - n*t - 2*t**2 + 4. What is j(3)?
-2
Let v(w) = 24*w. Let o(u) = 12*u - 5*u - 5*u. Let j(r) = -66*o(r) + 6*v(r). What is j(-1)?
-12
Suppose -2*t - 6 = -0*t + 5*m, -m = -3*t + 8. Suppose 19 = n - 4*k, 4*n = t*n - 3*k - 6. Let q(v) = 142*v**2 - 12*v**n - 142*v**2 + 3*v**3. Determine q(1).
-9
Let b be 1/((-5)/80*-2). Suppose -6*r = -2*r - b. Let d(q) = -9*q**3 - 3*q**r + q - 16*q**3 + 28*q**3 - 1. Determine d(2).
13
Let u(q) = 4*q + 23. Let p be (28/10)/(10/(500/310) - 6). Give u(p).
79
Let n(v) = v**2 + v. Let d be (30/(-3))/5 - -45. Let f = -29 + d. Suppose 4*c - o - 3 = 0, c - f = 4*c - 4*o. Calculate n(c).
6
Let p(n) be the third derivative of -n**5/60 + 5*n**4/6 - 17*n**3/3 - 1028*n**2. Determine p(18).
2
Let h(j) = 3 + 4*j**2 - 132965*j + 2 + 265942*j - 132967*j. Calculate h(-2).
1
Let g(n) = -n**2 - 2*n + 72. Let k be g(8). Let u be (-190)/25 + k/20. Let l(b) be the third derivative of -b**4/24 - 4*b**3/3 + 2*b**2. Calculate l(u).
0
Let k(b) = -3 + 37*b + 2 - 21*b - 17*b. Let i(n) = -3*n + 1. Let z(v) = i(v) + 2*k(v). Determine z(-1).
4
Let d(h) = -h**2 + 65*h - 639. Let w be d(12). Let o(m) be the second derivative of -m**3/2 + 3*m**2/2 - m. Determine o(w).
12
Let s(j) = 7*j**2 + 8*j. Let t = -60 - -56. Let v be s(t). Let a(m) = v*m + 4 - 5*m**2 - 80*m - 3. Calculate a(1).
-4
Let j(f) = 10*f - 6. Let o(k) = 165*k + 498. Let b be o(-3). Give j(b).
24
Let l(p) = -7*p - 25. Suppose 0 = -2*f + f + 2124 - 2138. Give l(f).
73
Suppose -3312 = -32*z + 176*z. Let a(x) = x**3 + 23*x**2 + 4*x + 56. Calculate a(z).
-36
Let c(k) = 20*k**3 + 15*k**2 + 28*k + 6. Let o(r) = -31*r**3 - 21*r**2 - 30*r - 7. Let j(d) = -3*c(d) - 2*o(d). Give j(4).
-20
Let y(c) = 6*c - 103. Let s(p) = p - 19. Let t(n) = -4*s(n) + y(n). Give t(16).
5
Suppose 1544*a = 1539*a - 55. Let j(z) = -z**2 - 15*z - 33. Calculate j(a).
11
Let f(a) be the third derivative of -a**5/60 + 7*a**4/24 - 4*a**3/3 + 34215*a**2. Let n = 14 - 7. Let k(j) = -j + 15. Let t be k(n). Calculate f(t).
-16
Let v(d) = -3*d**3 - 10*d**2 + 13*d - 16. Let o(n) = 4*n**3 + 13*n**2 - 16*n + 16. Let z(h) = 2*o(h) + 3*v(h). Calculate z(-5).
-26
L